site number?
True
Is 224067859 prime?
True
Is 20742770513 a prime number?
True
Is 1299849041 a composite number?
True
Is 305807903 a prime number?
False
Is 742716521 composite?
False
Is 623643499 a composite number?
True
Is 5577812831 composite?
True
Is 308202313 a prime number?
True
Is 4710703159 composite?
True
Is 276507899 a prime number?
True
Is 821319703 prime?
True
Is 55163807687 a composite number?
True
Is 239776203 a composite number?
True
Is 29344412593 prime?
True
Is 1741274727 a prime number?
False
Is 3598964683 composite?
False
Is 3305679067 a prime number?
True
Is 1473650873 a composite number?
False
Is 1218127319 a composite number?
False
Is 11417394539 prime?
True
Is 1798749881 prime?
False
Is 8586287819 a prime number?
True
Is 12447301837 composite?
True
Is 6241645829 prime?
False
Is 1293004211 composite?
False
Is 993173113 composite?
True
Is 731247403 composite?
False
Is 312086111 composite?
False
Is 46318918619 a composite number?
True
Is 4149196301 a prime number?
False
Is 548841463 a prime number?
True
Is 134819071 composite?
True
Is 526589319 a prime number?
False
Is 323116201 prime?
False
Is 96435514769 prime?
False
Is 18641221897 prime?
True
Is 76781429039 a composite number?
True
Is 2145010709 composite?
False
Is 27426932699 a composite number?
True
Is 72970545649 a prime number?
True
Is 48179767 a prime number?
False
Is 20179542157 a prime number?
False
Is 43754900911 a prime number?
True
Is 767868991 a prime number?
False
Is 957041677 composite?
False
Is 1558773493 a composite number?
True
Is 96309361 a prime number?
False
Is 1210472651 composite?
False
Is 64687392227 prime?
True
Is 207358469 a composite number?
True
Is 2308668097 a prime number?
False
Is 3103616093 a prime number?
False
Is 88487041 prime?
False
Is 1675280449 prime?
True
Is 2747553559 prime?
False
Is 199421281471 composite?
True
Is 2134141111 a prime number?
False
Is 28967433785 a prime number?
False
Is 17796976367 a composite number?
True
Is 54683738 prime?
False
Is 589448833 a prime number?
True
Is 116542493 a composite number?
True
Is 1557538457 prime?
True
Is 1158631681 a composite number?
False
Is 3070758139 a composite number?
False
Is 6527773445 a composite number?
True
Is 18416531893 a prime number?
True
Is 11024980997 composite?
False
Is 13746110423 a composite number?
False
Is 7865247121 a prime number?
False
Is 354156574 a composite number?
True
Is 34950094919 composite?
True
Is 3335015149 prime?
False
Is 3528784337 prime?
False
Is 69881691773 composite?
False
Is 1221032423 prime?
False
Is 11973525497 composite?
False
Is 3269793971 a composite number?
False
Is 1200086585 a prime number?
False
Is 257872141 composite?
False
Is 3257475181 a prime number?
False
Is 19517539057 a prime number?
True
Is 8438687503 a prime number?
False
Is 17134307503 composite?
False
Is 112443647 a composite number?
False
Is 2097735911 a composite number?
False
Is 8025462113 prime?
True
Is 104773635349 a prime number?
True
Is 323794819 a composite number?
False
Is 22975822529 a prime number?
False
Is 64383309377 prime?
True
Is 24776382353 a prime number?
False
Is 6302802307 a composite number?
True
Is 1543836857 a prime number?
True
Is 5673388913 prime?
True
Is 4562442613 prime?
False
Is 291896175089 a prime number?
False
Is 1754662549 prime?
False
Is 542227831 a composite number?
False
Is 3427617353 composite?
False
Is 50275335533 a composite number?
False
Is 25578417391 a composite number?
True
Is 3475430401 a prime number?
True
Is 2181972601 composite?
False
Is 37243469203 a composite number?
False
Is 1035434699 prime?
False
Is 617506655 composite?
True
Is 169196068339 a prime number?
True
Is 13923630467 a composite number?
False
Is 48742040471 a prime number?
True
Is 980793829 composite?
True
Is 3466550357 a composite number?
False
Is 1474143617 a prime number?
False
Is 91859895841 a prime number?
False
Is 391717327 prime?
True
Is 41648819789 a composite number?
False
Is 903283249 composite?
True
Is 251548481 composite?
False
Is 14594265337 composite?
False
Is 22390020371 prime?
False
Is 834388651 composite?
False
Is 5647738849 a prime number?
False
Is 46711988441 composite?
True
Is 76120315 composite?
True
Is 128018067283 prime?
True
Is 2068460143 a prime number?
True
Is 4645581869 a composite number?
True
Is 25763724761 composite?
False
Is 1160638379 a prime number?
False
Is 12324854033 prime?
True
Is 48605375083 a composite number?
False
Is 51564370873 prime?
False
Is 7949196331 a composite number?
True
Is 506788477 prime?
False
Is 1102857709 composite?
False
Is 36385360897 composite?
True
Is 31075153853 composite?
True
Is 9793025003 prime?
True
Is 72724086749 composite?
True
Is 2490198897 a prime number?
False
Is 17139068629 a prime number?
True
Is 86124746179 prime?
True
Is 96162923 a composite number?
True
Is 140423797559 a composite number?
False
Is 192049323811 a prime number?
True
Is 689652911 a prime number?
True
Is 4343179843 composite?
True
Is 8600482459 prime?
True
Is 1790460197 a prime number?
False
Is 4880175089 composite?
False
Is 1650565691 prime?
True
Is 234685831 prime?
False
Is 1955693037 composite?
True
Is 13803215017 a prime number?
True
Is 111414456598 a prime number?
False
Is 117428024381 composite?
False
Is 392447403835 a composite number?
True
Is 105404611 prime?
False
Is 5819301647 prime?
True
Is 490503457 a prime number?
True
Is 1972230149 a prime number?
True
Is 214054117 prime?
True
Is 8168859289 prime?
True
Is 304086341 prime?
False
Is 1537944097 a prime number?
False
Is 5802456839 a composite number?
False
Is 273317333 a prime number?
True
Is 2511040087 prime?
True
Is 815984833 a prime number?
False
Is 2491672481 prime?
False
Is 5936341553 composite?
True
Is 12901393 a composite number?
False
Is 49724633843 prime?
True
Is 4982127421 prime?
False
Is 209269783 a composite number?
False
Is 3160418761 a composite number?
False
Is 1852449941 prime?
True
Is 12124948837 prime?
True
Is 1321957727 a prime number?
True
Is 2439201385 a composite number?
True
Is 251679825143 composite?
False
Is 337871059 composite?
True
Is 636724633 a composite number?
True
Is 9539356139 a prime number?
False
Is 185181190171 a composite number?
True
Is 109044679 prime?
False
Is 97083710209 a composite number?
False
Is 223814233 composite?
False
Is 2433720823 prime?
True
Is 27664484069 prime?
True
Is 8203507889 a composite number?
False
Is 2533869953 a prime number?
True
Is 326110033 a prime number?
True
Is 3236264467 prime?
False
Is 12947869031 prime?
True
Is 962552302 composite?
True
Is 612605311 prime?
True
Is 7239123079 prime?
False
Is 120722731379 a composite number?
False
Is 128620433707 prime?
True
Is 14657546279 a prime number?
True
Is 9145163813 a composite number?
False
Is 23609224781 a composite number?
True
Is 25517328229 a composite number?
False
Is 2819083919 a prime number?
True
Is 13327777901 a composite number?
False
Is 59689282934 prime?
False
Is 4018307297 a composite number?
False
Is 1753759771 a prime number?
False
Is 19633469 a composite number?
False
Is 1361187439 prime?
True
Is 53621120507 a prime number?
True
Is 1711404781 composite?
False
Is 98287745701 a prime number?
False
Is 13693820183 a prime number?
True
Is 29217116531 prime?
True
Is 1937942389 a prime number?
True
Is 197437579 a composite number?
False
Is 239978107 composite?
True
Is 329997319 prime?
False
Is 54985481363 a composite number?
False
Is 535740749 prime?
False
Is 63063913607 a prime number?
True
Is 95213365837 a composite number?
False
Is 1778889067 composite?
False
Is 2562542909 a composite number?
False
Is 5765475109 a prime number?
True
Is 715324021 a prime number?
False
Is 19111705793 a composite number?
True
Is 2816755999 a prime number?
False
Is 10956720107 prime?
True
Is 9037296161 composite?
True
Is 2180317583 a prime number?
False
Is 27415701017 a prime number?
True
Is 5867268551 a composite number?
True
Is 8344760587 a prime number?
True
Is 26965964243 composite?
True
Is 36674376391 prime?
False
Is 71575929613 prime?
True
Is 4581568367 composite?
True
Is 1491816721 composite?
False
Is 64911191 prime?
True
Is 244241471 a composite number?
False
Is 65236208753 a prime number?
True
Is 13711318781 composite?
False
Is 1785950233 a composite number?
False
